{"id":13243,"date":"2019-03-22T08:43:44","date_gmt":"2019-03-22T08:43:44","guid":{"rendered":"http:\/\/192.168.0.42\/?page_id=13243"},"modified":"2019-03-22T08:43:44","modified_gmt":"2019-03-22T08:43:44","slug":"enlace-de-interes","status":"publish","type":"page","link":"https:\/\/www.mijas.es\/portal\/juventud\/enlace-de-interes\/","title":{"rendered":"Enlace de inter\u00e9s"},"content":{"rendered":"\n<ul><li>\n\t\t<a href=\"https:\/\/sede.educacion.gob.es\/catalogo-tramites\/becas-ayudas-subvenciones\/para-estudiar.html\" target=\"_blank\" rel=\"noreferrer noopener\">Becas MEC<\/a><\/li><li>\n\t\t<a href=\"http:\/\/www.andaluciajunta.es\/patiojoven\" target=\"_blank\" rel=\"noreferrer noopener\">Instituto Andaluz Juventud &#8211; Voluntariado<\/a><\/li><\/ul>\n\n\n\n<p>\n\tIntercambios<\/p>\n\n\n\n<ul><li>\n\t\t<a href=\"http:\/\/www.intercambia.org\" target=\"_blank\" rel=\"noreferrer noopener\">www.intercambia.org<\/a><\/li><\/ul>\n\n\n\n<p>\n\tRenta B\u00e1sica Emancipaci\u00f3n<\/p>\n\n\n\n<ul><li>\n\t\t<a href=\"http:\/\/www.vivienda.es\" target=\"_blank\" rel=\"noreferrer noopener\">www.vivienda.es<\/a><\/li><li>\n\t\t<a href=\"http:\/\/www.femp.es\" target=\"_blank\" rel=\"noreferrer noopener\">www.femp.es<\/a><\/li><\/ul>\n\n\n\n<p>\n\tBono Cultural<\/p>\n\n\n\n<ul><li>\n\t\t<a href=\"http:\/\/www.juntadeandalucia.es\/haciendayadministracionpublica\/clara\/cprDetalleTramites.html?c=1-F730U\">http:\/\/www.juntadeandalucia.es\/haciendayadministracionpublica\/clara\/cprDetalleTramites.html?c=1-F730U<\/a><\/li><\/ul>\n\n\n\n<p>\n\tUNED M\u00e1laga<\/p>\n\n\n\n<ul><li>\n\t\t<a href=\"http:\/\/www.unedmalaga.org\" target=\"_blank\" rel=\"noreferrer noopener\">www.unedmalaga.org <\/a><\/li><\/ul>\n\n\n\n<hr class=\"wp-block-separator\"\/>\n\n\n\n<p>\n\t<strong>P\u00c1GINAS DE DELEGACIONES DE DIPUTACI\u00d3N, ENTIDADES COMARCALES Y ASOCIACIONES QUE PUEDEN INTERESAR A JUVENTUD PROVINCIA.<\/strong><\/p>\n\n\n\n<p>\n\tDiputaci\u00f3n Provincial de M\u00e1laga<\/p>\n\n\n\n<ul><li>\n\t\t<a href=\"http:\/\/www.malaga.es\">www.malaga.es<\/a><\/li><\/ul>\n\n\n\n<p>\n\tCultura<\/p>\n\n\n\n<ul><li>\n\t\t<a href=\"http:\/\/www.dpm-cultura.org\/\" target=\"_blank\" rel=\"noreferrer noopener\">http:\/\/www.dpm-cultura.org<\/a><\/li><\/ul>\n\n\n\n<p>\n\tClub de Cultura de la Diputaci\u00f3n<\/p>\n\n\n\n<ul><li>\n\t\t<a href=\"http:\/\/www.malaga.es\/culturama\/\" target=\"_blank\" rel=\"noreferrer noopener\">www.malaga.es\/culturama<\/a><\/li><\/ul>\n\n\n\n<p>\n\tDeportes<\/p>\n\n\n\n<ul><li>\n\t\t<a href=\"http:\/\/www.malaga.es\/deportes\/\" target=\"_blank\" rel=\"noreferrer noopener\">http:\/\/www.malaga.es\/deportes<\/a><\/li><\/ul>\n\n\n\n<p>\n\tMedio Ambiente<\/p>\n\n\n\n<ul><li>\n\t\t<a href=\"http:\/\/www.malaga.es\/medioambiente\/?cod=1332\" target=\"_blank\" rel=\"noreferrer noopener\">http:\/\/www.malaga.es\/medioambiente\/?cod=1332<\/a><\/li><\/ul>\n\n\n\n<p>\n\tFormaci\u00f3n<\/p>\n\n\n\n<ul><li>\n\t\t<a href=\"http:\/\/formacion.malaga.es\/formacionagrupada\/\" target=\"_blank\" rel=\"noreferrer noopener\">formacion.malaga.es\/formacionagrupada<\/a><\/li><\/ul>\n\n\n\n<p>\n\tCiudadan\u00eda Sede Electr\u00f3nica<\/p>\n\n\n\n<ul><li>\n\t\t<a href=\"https:\/\/sede.malaga.es\/opencms\/opencms\/portal\/index.jsp?opcion=accesoRestringido&amp;menuIzq=true\" target=\"_blank\" rel=\"noreferrer noopener\">sede.malaga.es\/opencms\/opencms\/portal\/index.jsp?opcion=accesoRestringido&amp;menuIzq=true<\/a><\/li><\/ul>\n\n\n\n<p>\n\tIgualdad y Participaci\u00f3n<\/p>\n\n\n\n<ul><li>\n\t\t<a href=\"http:\/\/www.malaga.es\/igualdad\/\" target=\"_blank\" rel=\"noreferrer noopener\">www.malaga.es\/igualdad<\/a><\/li><li>\n\t\t<a href=\"http:\/\/www.malaga.es\/igualdadyparticipacion\/691\/descripcion-estructura\" target=\"_blank\" rel=\"noreferrer noopener\">www.malaga.es\/igualdadyparticipacion\/691\/descripcion-estructura<\/a>&nbsp; <\/li><li>\n\t\t<a href=\"http:\/\/www.malaga.es\/subidas\/archivos\/1\/4\/arc_140087.pdf\" target=\"_blank\" rel=\"noreferrer noopener\">www.malaga.es\/subidas\/archivos\/1\/4\/arc_140087.pdf<\/a>&nbsp;&nbsp; <\/li><li>\n\t\t<a href=\"http:\/\/www.malaga.es\/igualdadyparticipacion\/home.asp?cod=1601&amp;com1_md=2&amp;com1_bs=Consejo+Provincial+de+la+Mujer&amp;com=com1&amp;com1_md2_cd=1\" target=\"_blank\" rel=\"noreferrer noopener\">www.malaga.es\/igualdadyparticipacion\/home.asp?cod=1601&amp;com1_md=2&amp;com1_bs=Consejo+Provincial+de+la+Mujer&amp;com=com1&amp;com1_md2_cd=1<\/a><\/li><\/ul>\n\n\n\n<p>\n\tRecursos Europeos<\/p>\n\n\n\n<ul><li>\n\t\t<a href=\"http:\/\/www.malaga.es\/presidencia\/home.asp?cod=1127&amp;lis_2_cd=10994&amp;com=com1\" target=\"_blank\" rel=\"noreferrer noopener\">www.malaga.es\/presidencia\/home.asp?cod=1127&amp;lis_2_cd=10994&amp;com=com1<\/a><\/li><li>\n\t\t<a href=\"http:\/\/www.malagaeuropa.eu\/index.php?seccion=noticias&amp;accion=ver&amp;id=213\" target=\"_blank\" rel=\"noreferrer noopener\">www.malagaeuropa.eu\/index.php?seccion=noticias&amp;accion=ver&amp;id=213<\/a><\/li><li>\n\t\t<a href=\"http:\/\/www.malagaeuropa.eu\/\" target=\"_blank\" rel=\"noreferrer noopener\">www.malagaeuropa.eu<\/a><\/li><\/ul>\n\n\n\n<p>\n\tFomento y Atenci\u00f3n al Municipio<\/p>\n\n\n\n<ul><li>\n\t\t<a href=\"http:\/\/www.malaga.es\/fomentoyatencion\/home.asp?lis_2_cd=10538&amp;com=com1\" target=\"_blank\" rel=\"noreferrer noopener\">www.malaga.es\/fomentoyatencion\/home.asp?lis_2_cd=10538&amp;com=com1<\/a><\/li><\/ul>\n\n\n\n<p>\n\tConcertaci\u00f3n<\/p>\n\n\n\n<ul><li>\n\t\t<a href=\"http:\/\/www.malaga.es\/fomentoyatencion\/?cod=1562\" target=\"_blank\" rel=\"noreferrer noopener\">www.malaga.es\/fomentoyatencion\/?cod=1562<\/a><\/li><\/ul>\n\n\n\n<p>\n\tTurismo<\/p>\n\n\n\n<ul><li>\n\t\t<a href=\"http:\/\/www.malaga.es\/turismo\/\" target=\"_blank\" rel=\"noreferrer noopener\">www.malaga.es\/turismo<\/a><\/li><\/ul>\n\n\n\n<p>\n\tSOPDE: Sociedad de Planificaci\u00f3n y Desarrollo<\/p>\n\n\n\n<ul><li>\n\t\t<a href=\"http:\/\/www.sopde.es\/\" target=\"_blank\" rel=\"noreferrer noopener\">www.sopde.es<\/a><\/li><\/ul>\n\n\n\n<p>\n\tCEDMA<\/p>\n\n\n\n<ul><li>\n\t\t<a href=\"http:\/\/www.cedma.com\/catalogo\/\" target=\"_blank\" rel=\"noreferrer noopener\">www.cedma.com\/catalogo<\/a><\/li><\/ul>\n\n\n\n<p>\n\tBolet\u00edn Oficial de la Provincia<\/p>\n\n\n\n<ul><li>\n\t\t<a href=\"https:\/\/www.bopmalaga.es\/\" target=\"_blank\" rel=\"noreferrer noopener\">www.bopmalaga.es<\/a><\/li><\/ul>\n\n\n\n<p>\n\tEscuela Universitaria de Enfermer\u00eda<\/p>\n\n\n\n<ul><li>\n\t\t<a href=\"http:\/\/www.malaga.es\/educacionyjuventud\/?cod=1123\" target=\"_blank\" rel=\"noreferrer noopener\">www.malaga.es\/educacionyjuventud\/?cod=1123<\/a><\/li><\/ul>\n\n\n\n<hr class=\"wp-block-separator\"\/>\n\n\n\n<p>\n\t<strong>CURSOS<\/strong><\/p>\n\n\n\n<p>\n\tSolidaridad<\/p>\n\n\n\n<ul><li>\n\t\t<a href=\"http:\/\/www.canalsolidario.org\/directorio-ong\/malaga\">www.canalsolidario.org\/directorio-ong\/malaga<\/a><\/li><\/ul>\n\n\n\n<p>\n\tAcad\u00e9mia \u00d3ptica (Talleres)<\/p>\n\n\n\n<ul><li>\n\t\t<a href=\"http:\/\/www.academiaoptima.es\/\">www.<\/a><a href=\"http:\/\/aoptima.es\/\">academiaoptima.es<\/a><\/li><\/ul>\n\n\n\n<hr class=\"wp-block-separator\"\/>\n\n\n\n<p>\n\t<strong>COMARCAS<\/strong><\/p>\n\n\n\n<p>\n\tAntequera<\/p>\n\n\n\n<ul><li>\n\t\t<a href=\"http:\/\/www.antequeracom.com\/\">www.antequeracom.com<\/a><\/li><\/ul>\n\n\n\n<p>\n\tCosta<\/p>\n\n\n\n<ul><li>\n\t\t<a href=\"http:\/\/www.mancomunidadaxarquia.es\/\">www.mancomunidadaxarquia.es<\/a><\/li><li>\n\t\t<a href=\"http:\/\/www.mancomunidad.surinenglish.com\">www.mancomunidad.surinenglish.com<\/a><\/li><\/ul>\n\n\n\n<p>\n\tGuadalhorce<\/p>\n\n\n\n<ul><li>\n\t\t<a href=\"http:\/\/www.valledelguadalhorce.com\/\">www.valledelguadalhorce.com<\/a><\/li><\/ul>\n\n\n\n<p>\n\tGuadalteba<\/p>\n\n\n\n<ul><li>\n\t\t<a href=\"http:\/\/www.guadalteba.com\/index.php?option=com_content&amp;view=article&amp;id=118&amp;Itemid=176&amp;lang=es\">www.guadalteba.com\/index.php?option=com_content&amp;view=article&amp;id=118&amp;Itemid=176&amp;lang=es<\/a><\/li><\/ul>\n\n\n\n<p>\n\tNoroma<\/p>\n\n\n\n<ul><li>\n\t\t<a href=\"http:\/\/www.nororma.com\/\">www.nororma.com<\/a><\/li><\/ul>\n\n\n\n<p>\n\tSierra de Las Nieves<\/p>\n\n\n\n<ul><li>\n\t\t<a href=\"http:\/\/www.sierranieves-desarrollo.com\/27accionesconjuntas.htm\">www.sierranieves-desarrollo.com\/27accionesconjuntas.htm<\/a><\/li><\/ul>\n\n\n\n<p>\n\tRonda<\/p>\n\n\n\n<ul><li>\n\t\t<a href=\"http:\/\/www.cederserraniaderonda.com\/colaboraciones\/?query_string=&amp;query_page=1&amp;query_order=publication_id\">www.cederserraniaderonda.com\/colaboraciones\/?query_string=&amp;query_page=1&amp;query_order=publication_id<\/a><\/li><\/ul>\n","protected":false},"excerpt":{"rendered":"<p>Becas MEC Instituto Andaluz Juventud &#8211; Voluntariado Intercambios www.intercambia.org Renta B\u00e1sica Emancipaci\u00f3n www.vivienda.es www.femp.es Bono Cultural http:\/\/www.juntadeandalucia.es\/haciendayadministracionpublica\/clara\/cprDetalleTramites.html?c=1-F730U UNED M\u00e1laga www.unedmalaga.org P\u00c1GINAS DE DELEGACIONES DE DIPUTACI\u00d3N, ENTIDADES COMARCALES Y ASOCIACIONES QUE PUEDEN INTERESAR A JUVENTUD PROVINCIA. Diputaci\u00f3n Provincial de M\u00e1laga www.malaga.es Cultura http:\/\/www.dpm-cultura.org Club de Cultura de la Diputaci\u00f3n www.malaga.es\/culturama Deportes http:\/\/www.malaga.es\/deportes Medio Ambiente http:\/\/www.malaga.es\/medioambiente\/?cod=1332 Formaci\u00f3n [&hellip;]<\/p>\n","protected":false},"author":4,"featured_media":13059,"parent":13036,"menu_order":0,"comment_status":"closed","ping_status":"closed","template":"page-departamental.php","meta":[],"_links":{"self":[{"href":"https:\/\/www.mijas.es\/portal\/wp-json\/wp\/v2\/pages\/13243"}],"collection":[{"href":"https:\/\/www.mijas.es\/portal\/wp-json\/wp\/v2\/pages"}],"about":[{"href":"https:\/\/www.mijas.es\/portal\/wp-json\/wp\/v2\/types\/page"}],"author":[{"embeddable":true,"href":"https:\/\/www.mijas.es\/portal\/wp-json\/wp\/v2\/users\/4"}],"replies":[{"embeddable":true,"href":"https:\/\/www.mijas.es\/portal\/wp-json\/wp\/v2\/comments?post=13243"}],"version-history":[{"count":1,"href":"https:\/\/www.mijas.es\/portal\/wp-json\/wp\/v2\/pages\/13243\/revisions"}],"predecessor-version":[{"id":13244,"href":"https:\/\/www.mijas.es\/portal\/wp-json\/wp\/v2\/pages\/13243\/revisions\/13244"}],"up":[{"embeddable":true,"href":"https:\/\/www.mijas.es\/portal\/wp-json\/wp\/v2\/pages\/13036"}],"wp:featuredmedia":[{"embeddable":true,"href":"https:\/\/www.mijas.es\/portal\/wp-json\/wp\/v2\/media\/13059"}],"wp:attachment":[{"href":"https:\/\/www.mijas.es\/portal\/wp-json\/wp\/v2\/media?parent=13243"}],"curies":[{"name":"wp","href":"https:\/\/api.w.org\/{rel}","templated":true}]}}