{"id":13032,"date":"2019-03-20T11:37:18","date_gmt":"2019-03-20T11:37:18","guid":{"rendered":"http:\/\/192.168.0.42\/?page_id=13032"},"modified":"2024-09-10T13:39:25","modified_gmt":"2024-09-10T12:39:25","slug":"subvencion-del-deporte-federado","status":"publish","type":"page","link":"https:\/\/www.mijas.es\/portal\/deportes\/subvencion-del-deporte-federado\/","title":{"rendered":"Ordenanzas"},"content":{"rendered":"\n<ul>\n<li>Ordenanza Reguladora de Subvenciones a Entidades Deportivas-\u00a0<a rel=\"noreferrer noopener\" href=\"https:\/\/www.mijas.es\/wp-content\/uploads\/2023\/10\/30.%20Edicto%20publicaci%C3%B3n%20definitiva%20en%20BOP%20n%C2%BA%20150%20de%2007-08-23.pdf\" target=\"_blank\">Descargar<\/a><\/li>\n<\/ul>\n\n\n\n<ul>\n<li>Consulta P\u00fablica Previa A La Propuesta De La Ordenanza Reguladora Del Funcionamiento, Acceso, Cesi\u00f3n Y Uso De Los Espacios Y Equipamientos Deportivos &#8211; <a rel=\"noreferrer noopener\" href=\"https:\/\/www.mijas.es\/wp-content\/uploads\/2024\/02\/Consulta-publica-ordenanza-del-funcionamiento-acceso-cesion-y-uso-de-los-espacios-deportivos-RS2024005528-14-02-24.pdf\" data-type=\"URL\" data-id=\"https:\/\/www.mijas.es\/wp-content\/uploads\/2024\/02\/Consulta-publica-ordenanza-del-funcionamiento-acceso-cesion-y-uso-de-los-espacios-deportivos-RS2024005528-14-02-24.pdf\" target=\"_blank\">Descargar<\/a> (PDF)<\/li>\n<\/ul>\n\n\n\n<ul>\n<li>Consulta P\u00fablica Previa A La Propuesta De La Ordenanza Reguladora De Los Precios P\u00fablicos Por El Uso De Instalaciones Deportivas Municipales Y Otros Servicios An\u00e1logos &#8211; <a rel=\"noreferrer noopener\" href=\"https:\/\/www.mijas.es\/wp-content\/uploads\/2024\/02\/1.0._Consulta_publica_precios_publicos_uso_instalaciones_deportivas.pdf\" data-type=\"URL\" data-id=\"https:\/\/www.mijas.es\/wp-content\/uploads\/2024\/02\/1.0._Consulta_publica_precios_publicos_uso_instalaciones_deportivas.pdf\" target=\"_blank\">Descargar<\/a> (PDF)<\/li>\n<\/ul>\n\n\n\n<ul>\n<li>Anuncio de audiencia previa ordenanza reguladoras precios publicos &#8211; <a rel=\"noreferrer noopener\" href=\"https:\/\/www.mijas.es\/wp-content\/uploads\/2024\/09\/6.1.-ANUNCIO-Audiencia-previa-ordenanza-reguladoras-precios-publicos-CSV15252747012251376727-21-08-24.pdf\" target=\"_blank\">Descargar<\/a> (PDF)<\/li>\n<\/ul>\n","protected":false},"excerpt":{"rendered":"","protected":false},"author":4,"featured_media":13003,"parent":13000,"menu_order":0,"comment_status":"closed","ping_status":"closed","template":"page-departamental.php","meta":[],"_links":{"self":[{"href":"https:\/\/www.mijas.es\/portal\/wp-json\/wp\/v2\/pages\/13032"}],"collection":[{"href":"https:\/\/www.mijas.es\/portal\/wp-json\/wp\/v2\/pages"}],"about":[{"href":"https:\/\/www.mijas.es\/portal\/wp-json\/wp\/v2\/types\/page"}],"author":[{"embeddable":true,"href":"https:\/\/www.mijas.es\/portal\/wp-json\/wp\/v2\/users\/4"}],"replies":[{"embeddable":true,"href":"https:\/\/www.mijas.es\/portal\/wp-json\/wp\/v2\/comments?post=13032"}],"version-history":[{"count":27,"href":"https:\/\/www.mijas.es\/portal\/wp-json\/wp\/v2\/pages\/13032\/revisions"}],"predecessor-version":[{"id":58468,"href":"https:\/\/www.mijas.es\/portal\/wp-json\/wp\/v2\/pages\/13032\/revisions\/58468"}],"up":[{"embeddable":true,"href":"https:\/\/www.mijas.es\/portal\/wp-json\/wp\/v2\/pages\/13000"}],"wp:featuredmedia":[{"embeddable":true,"href":"https:\/\/www.mijas.es\/portal\/wp-json\/wp\/v2\/media\/13003"}],"wp:attachment":[{"href":"https:\/\/www.mijas.es\/portal\/wp-json\/wp\/v2\/media?parent=13032"}],"curies":[{"name":"wp","href":"https:\/\/api.w.org\/{rel}","templated":true}]}}