{"id":12977,"date":"2019-03-19T12:33:15","date_gmt":"2019-03-19T12:33:15","guid":{"rendered":"http:\/\/192.168.0.42\/?page_id=12977"},"modified":"2019-03-20T09:15:22","modified_gmt":"2019-03-20T09:15:22","slug":"certificaciones-y-acreditaciones","status":"publish","type":"page","link":"https:\/\/www.mijas.es\/portal\/atencion-ciudadana\/certificaciones-y-acreditaciones\/","title":{"rendered":"Certificaciones y Acreditaciones"},"content":{"rendered":"\n<p>\n\t<strong>Enlaces relacionados<\/strong><\/p>\n\n\n\n<p>\n\t&#8211; <a href=\"http:\/\/www.w3.org\" rel=\"noreferrer noopener\" target=\"_blank\">World Wide Web Consortium<\/a> (W3C).<br>\n\t&#8211; <a href=\"http:\/\/validator.w3.org\/file-upload.html\" rel=\"noreferrer noopener\" target=\"_blank\">Validaci\u00f3n de documentos HTML<\/a> de la W3C<br>\n\t&#8211; <a href=\"http:\/\/jigsaw.w3.org\/css-validator\/\" rel=\"noreferrer noopener\" target=\"_blank\">Validaci\u00f3n de hojas de estilo en cascada<\/a> (CCS) de la W3C<br>\n\t&#8211; <a href=\"http:\/\/www.w3.org\/WAI\/\" rel=\"noreferrer noopener\" target=\"_blank\">Iniciativa de accesibilidad a la web<\/a> (WAI)<br>\n\t&#8211; <a href=\"http:\/\/www.tawdis.net\/\" rel=\"noreferrer noopener\" target=\"_blank\">Validaci\u00f3n de accesibilidad<\/a> con TAW (Ministerio de Trabajo y Asuntos Sociales)<br>\n\t&#8211; <a href=\"http:\/\/bobby.watchfire.com\/bobby\/html\/en\/index.jsp\" rel=\"noreferrer noopener\" target=\"_blank\">Validaci\u00f3n de accesibilidad<\/a> con Bobby<br>\n\t&#8211; <a href=\"http:\/\/www.webxact.com\/\" rel=\"noreferrer noopener\" target=\"_blank\">Prueba de la calidad, accesibilidad y privacidad<\/a> con WebXACT<\/p>\n","protected":false},"excerpt":{"rendered":"<p>Enlaces relacionados &#8211; World Wide Web Consortium (W3C). &#8211; Validaci\u00f3n de documentos HTML de la W3C &#8211; Validaci\u00f3n de hojas de estilo en cascada (CCS) de la W3C &#8211; Iniciativa de accesibilidad a la web (WAI) &#8211; Validaci\u00f3n de accesibilidad con TAW (Ministerio de Trabajo y Asuntos Sociales) &#8211; Validaci\u00f3n de accesibilidad con Bobby &#8211; [&hellip;]<\/p>\n","protected":false},"author":4,"featured_media":12996,"parent":12907,"menu_order":0,"comment_status":"closed","ping_status":"closed","template":"page-departamental.php","meta":[],"_links":{"self":[{"href":"https:\/\/www.mijas.es\/portal\/wp-json\/wp\/v2\/pages\/12977"}],"collection":[{"href":"https:\/\/www.mijas.es\/portal\/wp-json\/wp\/v2\/pages"}],"about":[{"href":"https:\/\/www.mijas.es\/portal\/wp-json\/wp\/v2\/types\/page"}],"author":[{"embeddable":true,"href":"https:\/\/www.mijas.es\/portal\/wp-json\/wp\/v2\/users\/4"}],"replies":[{"embeddable":true,"href":"https:\/\/www.mijas.es\/portal\/wp-json\/wp\/v2\/comments?post=12977"}],"version-history":[{"count":1,"href":"https:\/\/www.mijas.es\/portal\/wp-json\/wp\/v2\/pages\/12977\/revisions"}],"predecessor-version":[{"id":12978,"href":"https:\/\/www.mijas.es\/portal\/wp-json\/wp\/v2\/pages\/12977\/revisions\/12978"}],"up":[{"embeddable":true,"href":"https:\/\/www.mijas.es\/portal\/wp-json\/wp\/v2\/pages\/12907"}],"wp:featuredmedia":[{"embeddable":true,"href":"https:\/\/www.mijas.es\/portal\/wp-json\/wp\/v2\/media\/12996"}],"wp:attachment":[{"href":"https:\/\/www.mijas.es\/portal\/wp-json\/wp\/v2\/media?parent=12977"}],"curies":[{"name":"wp","href":"https:\/\/api.w.org\/{rel}","templated":true}]}}