{"id":12115,"date":"2019-02-13T13:56:53","date_gmt":"2019-02-13T13:56:53","guid":{"rendered":"http:\/\/192.168.0.42\/?page_id=12115"},"modified":"2024-01-02T14:01:46","modified_gmt":"2024-01-02T13:01:46","slug":"medio-ambiente","status":"publish","type":"page","link":"https:\/\/www.mijas.es\/portal\/medio-ambiente\/","title":{"rendered":"Medio Ambiente"},"content":{"rendered":"\n<figure class=\"wp-block-image is-resized\"><img decoding=\"async\" src=\"https:\/\/www.mijas.es\/wp-content\/uploads\/2020\/05\/foto-p\u00e1gina-Medio-Ambiente-1024x515.jpg\" alt=\"\" class=\"wp-image-31099\" width=\"792\" height=\"397\" srcset=\"https:\/\/www.mijas.es\/wp-content\/uploads\/2020\/05\/foto-p\u00e1gina-Medio-Ambiente-1024x515.jpg 1024w, https:\/\/www.mijas.es\/wp-content\/uploads\/2020\/05\/foto-p\u00e1gina-Medio-Ambiente-300x151.jpg 300w, https:\/\/www.mijas.es\/wp-content\/uploads\/2020\/05\/foto-p\u00e1gina-Medio-Ambiente-768x386.jpg 768w\" sizes=\"(max-width: 792px) 100vw, 792px\" \/><\/figure>\n\n\n\n<p>\n\nBienvenid@s al sitio web del \u00c1rea de Medio Ambiente del Ayuntamiento de Mijas, un espacio en el que ponemos a vuestro alcance los servicios que se ofrecen y facilitamos el acceso a la informaci\u00f3n ambiental que se genera en nuestro municipio.<\/p>\n\n\n\n<p>El compromiso no es otro que el de tratar de impulsar el respeto al medio ambiente, ofreciendo para ello toda la informaci\u00f3n, formaci\u00f3n y conocimiento disponible, as\u00ed como dar a conocer la riqueza natural de Mijas, con el fin de implicar a tod@s en avanzar hacia la sostenibilidad; el gran reto del siglo XXI para nuestra sociedad. <\/p>\n\n\n\n<p>\n\nRecuerde que cualquier sugerencia o propuesta de mejora del servicio ser\u00e1 atendida a trav\u00e9s de&nbsp;<a href=\"mailto:medioambiente@mijas.es\">medioambiente@mijas.es<\/a><\/p>\n\n\n\n<p>S\u00edguenos en nuestras redes sociales:<\/p>\n\n\n\n<figure class=\"wp-block-image is-resized\"><a href=\" https:\/\/www.facebook.com\/%C3%81rea-Medio-Ambiente-Ayuntamiento-de-Mijas-269428653472466\/?ref=bookmarks\"><img decoding=\"async\" src=\"https:\/\/www.mijas.es\/wp-content\/uploads\/2020\/05\/facebook.png\" alt=\"\" class=\"wp-image-31108\" width=\"23\" height=\"23\" srcset=\"https:\/\/www.mijas.es\/wp-content\/uploads\/2020\/05\/facebook.png 225w, https:\/\/www.mijas.es\/wp-content\/uploads\/2020\/05\/facebook-150x150.png 150w\" sizes=\"(max-width: 23px) 100vw, 23px\" \/><\/a><\/figure>\n","protected":false},"excerpt":{"rendered":"<p>Bienvenid@s al sitio web del \u00c1rea de Medio Ambiente del Ayuntamiento de Mijas, un espacio en el que ponemos a vuestro alcance los servicios que se ofrecen y facilitamos el acceso a la informaci\u00f3n ambiental que se genera en nuestro municipio. El compromiso no es otro que el de tratar de impulsar el respeto al [&hellip;]<\/p>\n","protected":false},"author":1,"featured_media":14396,"parent":0,"menu_order":0,"comment_status":"closed","ping_status":"closed","template":"page-departamental.php","meta":[],"_links":{"self":[{"href":"https:\/\/www.mijas.es\/portal\/wp-json\/wp\/v2\/pages\/12115"}],"collection":[{"href":"https:\/\/www.mijas.es\/portal\/wp-json\/wp\/v2\/pages"}],"about":[{"href":"https:\/\/www.mijas.es\/portal\/wp-json\/wp\/v2\/types\/page"}],"author":[{"embeddable":true,"href":"https:\/\/www.mijas.es\/portal\/wp-json\/wp\/v2\/users\/1"}],"replies":[{"embeddable":true,"href":"https:\/\/www.mijas.es\/portal\/wp-json\/wp\/v2\/comments?post=12115"}],"version-history":[{"count":8,"href":"https:\/\/www.mijas.es\/portal\/wp-json\/wp\/v2\/pages\/12115\/revisions"}],"predecessor-version":[{"id":53377,"href":"https:\/\/www.mijas.es\/portal\/wp-json\/wp\/v2\/pages\/12115\/revisions\/53377"}],"wp:featuredmedia":[{"embeddable":true,"href":"https:\/\/www.mijas.es\/portal\/wp-json\/wp\/v2\/media\/14396"}],"wp:attachment":[{"href":"https:\/\/www.mijas.es\/portal\/wp-json\/wp\/v2\/media?parent=12115"}],"curies":[{"name":"wp","href":"https:\/\/api.w.org\/{rel}","templated":true}]}}